+ k*x. What is the greatest common divisor of c and 11?
11
Let j = -60 + 96. Let v be 9 - (-338 + 40 + -17). What is the greatest common divisor of v and j?
36
Let p = 16 + -16. Suppose -s = -p*s. Suppose 2*q + s*q = -6, -3*k - 3*q + 153 = 0. What is the highest common factor of 81 and k?
27
Suppose -m + y + 94 = 0, m - 2*m = y - 90. Let c = 853 - 784. What is the highest common factor of m and c?
23
Suppose -2*s = t - 11, -4*t - 8 = 5*s - 40. Let u = -331 - -352. Calculate the greatest common divisor of t and u.
3
Let p = 1061 - 2255. Let v = p + 1208. Let g = 118 - -8. What is the greatest common factor of g and v?
14
Let z = 68 - 66. Suppose -z = k, -3*k - 21 - 3 = -3*s. Calculate the greatest common divisor of 9 and s.
3
Suppose -2*g + 1 = -7. Suppose h = -g*h - 10. Let u be 75*5/((-10)/h). Calculate the highest common factor of u and 25.
25
Let b = -22 + 22. Suppose b*p = -4*p + 48. Suppose 3*v - 19 = -5*j + 2*v, 0 = 2*j + 5*v - 3. Calculate the greatest common divisor of j and p.
4
Let s(l) = -6 - 63*l - 2 - 9 + 20. Let j be s(-1). Calculate the greatest common factor of 165 and j.
33
Suppose 3*w = 8*w + 5*g - 530, 3*g = -15. Let x = -55 + w. Let h be (-2)/((-836)/(-280) - 3). What is the greatest common factor of h and x?
28
Suppose 11*z - 23*z - 1320 = 0. Let i = z + 206. Calculate the highest common factor of 12 and i.
12
Let b(v) = -v + 5*v**2 + 20 + 7*v**2 + 15*v**2 - 25*v**2. Let z be b(11). Let p = 680 - z. Calculate the greatest common factor of p and 39.
39
Let g be ((2 - 1) + 1 + -2)/1. Suppose g = -l + 2 + 20. Let a be 32/(-6)*(-33)/l. Calculate the greatest common divisor of 12 and a.
4
Let z(f) = f**3 + 50*f**2 - 105*f + 40. Let p be z(-52). What is the greatest common divisor of p and 667?
23
Let d = 2757 - 1169. What is the greatest common factor of d and 12?
4
Let y = -7689 + 8133. Calculate the greatest common factor of 9 and y.
3
Suppose 14*u - 49006 = -18178. Suppose 47*q - 1746 = u. Calculate the highest common divisor of 56 and q.
28
Let n = -43 - -211. Suppose 1597 = 12*u - 395. Let m be (6/8)/3 - u/(-8). Calculate the highest common divisor of n and m.
21
Let r = 1097 + -1095. What is the greatest common factor of 1574 and r?
2
Let z be (-4)/(-64)*12 + (-3651)/(-12). Let k = z + -209. What is the highest common divisor of k and 336?
48
Let c = 16368 + -16376. Let h(p) be the second derivative of p**4/4 - 3*p**3/2 - 6*p**2 + p. Let m be h(c). What is the greatest common divisor of m and 36?
36
Suppose -3 = j - 11. Let w(u) = 3*u + 7. Let k be w(8). Let c = k - 11. Calculate the highest common factor of j and c.
4
Suppose 0 = 4*v - 257 - 127. Suppose -5*x - 2*d + d + 160 = 0, 4*d - v = -3*x. Let a = -491 + 495. Calculate the greatest common divisor of a and x.
4
Suppose -2*k = -0*k - 4*k. Suppose 0 = -s + 4*j + 25, -3*s + 0*j - j + 23 = k. Suppose 0*l + 2*l - 144 = 0. Calculate the highest common factor of l and s.
9
Let z = -1964 - -2129. Let o(r) = r**3 + 11*r**2 + 5*r + 10. Let x be o(-10). Calculate the highest common factor of z and x.
15
Let k(x) = -6*x + 54. Let w be k(9). Suppose w = 3*l - 5*s - 1196, 4*s - 520 - 1032 = -4*l. What is the highest common factor of l and 49?
49
Suppose 82*k - 415255 - 293046 = -64765. Calculate the greatest common factor of 360 and k.
72
Suppose -f - 16 = -3*p, -4*p + 2*f = -18 - 4. Suppose 0 = -p*k, 5*j - 2*k = -k. Let g be j + -1 + 0 + 0 + 15. What is the highest common divisor of 2 and g?
2
Let j(c) = 10*c**2 + 52*c + 34. Let w be j(-7). Calculate the highest common factor of 30 and w.
10
Suppose -3*f + 8*f + 582 = p, -2*f - p - 230 = 0. Let n = f + 115. Let h(x) = 10*x**2 + x. Let t be h(n). What is the highest common divisor of t and 15?
3
Suppose -56*n = 865 - 1729 - 1320. Suppose 3*i - 39 = -g, -2*i - 2*g + 6 = -20. What is the greatest common divisor of n and i?
13
Suppose 38 = a - 3*i, 4*i + 11 + 5 = 0. Let k be 1101/(-2)*((-261)/(-27) - 9). Let m = -328 - k. Calculate the highest common divisor of a and m.
13
Let z be (-2 + 1)*(0 - 0/4). Suppose -5*h + 44 = -r, -h + z*r + 16 = -2*r. Let t be -1 + 10/h - (-167)/4. What is the highest common factor of t and 63?
21
Suppose -3*j - 18 = 0, 0*p + 6*p - 30 = -5*j. Let r be 51 + -2 + (-3 - -7). Suppose -r = -5*d + 597. Calculate the highest common divisor of p and d.
10
Let t(i) = 5*i**2 + 19. Let j be t(7). Let h = 165 + -141. Calculate the highest common factor of h and j.
24
Let v = 39 - 23. Suppose -2*r - 5*f = -4*f, -4 = 2*r + 2*f. Let y(d) = 34*d**2 + 5*d - 2. Let h be y(r). Calculate the highest common divisor of v and h.
16
Suppose -188952 = 195*r - 903237. Calculate the greatest common divisor of r and 36.
9
Suppose 113*b = 79*b + 20502. What is the highest common factor of b and 67?
67
Let k be (-96)/(-14) + 264/231. Suppose k*p - 4*p = 5*n + 2194, 4*n = p - 543. Calculate the highest common factor of 19 and p.
19
Let n = 37 + 9. Suppose -629 = 1060*s + 90 - 2839. What is the greatest common factor of n and s?
2
Let s(r) = 7*r - 340. Let t be s(84). Calculate the highest common factor of t and 31.
31
Let t = -326 + 319. Let i(x) be the first derivative of -2*x**2 - 10*x + 1. Let c be i(t). Calculate the greatest common divisor of c and 24.
6
Let t(h) = 52*h**2 - h. Let b be t(1). Let a(q) = 27156*q + 27. Let f be a(0). Calculate the highest common factor of f and b.
3
Suppose 4*g - 3*j - 49 - 51 = 0, -4*g + 2*j + 96 = 0. Suppose 2706 = -74*y + 197*y. Calculate the greatest common divisor of y and g.
22
Let h = -786 - -1156. Let n = 374 - h. Calculate the greatest common factor of n and 22.
2
Let m = 1174 - 724. Suppose -2*c + 4*t = c - m, -15 = -5*t. Calculate the highest common divisor of c and 22.
22
Suppose -5*i - 2 = -3*i, -o + 54 = -4*i. Let s = o + -36. What is the highest common factor of 322 and s?
14
Let g(n) = -n**2 + 34*n + 17. Let b be g(14). Suppose 6*h + 21 = b. What is the highest common factor of h and 230?
46
Let g(k) = k**2 + 23*k - 31. Let u be g(-25). Suppose f - 123 = 10. What is the highest common factor of u and f?
19
Suppose -4 = 2*z, 2*a - 510 = -5*z - 90. Let t = 486 - 314. What is the greatest common divisor of t and a?
43
Suppose -1075*m - 3857 + 2730 + 56194 = -36*m. Let g(u) = -170*u - 2. Let q be g(-5). Calculate the highest common divisor of m and q.
53
Let g(c) = -c**3 - c**2 - 3*c - 7. Let o be g(-2). Suppose 4*h - o*a - 225 = 0, -2*h - 4*a + 120 = -8*a. Calculate the greatest common factor of 864 and h.
54
Let c be (220/154)/(1/(1148/8)). Calculate the greatest common factor of 15 and c.
5
Suppose 5*o = o - 5*d + 745, 9 = -3*d. Let c = 219 - o. What is the highest common divisor of c and 58?
29
Suppose -5*m + 20 + 20 = 4*p, 3*p = -5*m + 40. Let f = 10 - m. Suppose f*s - 2 - 4 = 0. Calculate the highest common divisor of 2 and s.
1
Let x = 8420 - 8042. Calculate the greatest common factor of x and 112.
14
Suppose -13 - 3545 = -6*c. Let t = c - 353. What is the greatest common factor of 60 and t?
60
Let l = -436 - -605. What is the greatest common factor of l and 1?
1
Let p(s) = s - 1. Let z be p(5). Suppose t + 902 = 4*r - 7558, -5*t - 20 = 0. Suppose -1922 + r = 6*o. What is the greatest common factor of z and o?
4
Let m = -12 + 15. Suppose -3*z - 3*s = -s - 148, z - m*s - 42 = 0. Let j be (176/77)/((-2)/(-21)). Calculate the greatest common divisor of j and z.
24
Let q be (-3)/(-4) + 1026/72. Suppose c - 2 = -q. Let j = 20 + c. Calculate the greatest common factor of 21 and j.
7
Suppose 112*j + 11014 = 114*j + k, -5*j - 3*k + 27537 = 0. What is the greatest common factor of j and 30?
15
Suppose 0 = -199*v - 132*v + 538206. Calculate the greatest common divisor of 12 and v.
6
Suppose 0 = 110*u - 116 - 434. Let s(j) = j**3 - j**2 - 3. Let r be s(3). What is the greatest common divisor of u and r?
5
Let i = -34 - -48. Let j(x) = i + 3*x - 16 - 28. Let h be j(14). Calculate the highest common divisor of h and 12.
12
Let z(r) = -r**2 + 17*r - 24. Let p be z(12). Suppose -c + 90 = 4*b, -239 = -3*c - 4*b + 31. Calculate the highest common divisor of c and p.
18
Let w = -901 + 924. Suppose -3*j + 15 = p, -5*j + 11 = -3*p - 0*p. Suppose -219 = j*v - 1047. Calculate the highest common factor of v and w.
23
Let v = -2349 - -2524. What is the highest common factor of 287 and v?
7
Suppose 